20884. What is z(109)?
65
Let d(l) = 2*l**3 - 22*l**2 - 42*l + 268. Determine d(13).
398
Let p(n) = -16813*n + 117698. What is p(7)?
7
Let h(b) = -b**3 + 675*b**2 - 5983*b - 7312. Calculate h(666).
14
Let k(s) = 7*s**2 - 297*s - 4817. Give k(-15).
1213
Let i(q) = -142*q + 610. What is i(10)?
-810
Let r(b) = -58205*b + 814682. Give r(14).
-188
Let l(i) = -i**3 + 246*i**2 - 1192*i - 2929. Calculate l(241).
204
Let y(p) = p**2 + 19888*p + 2. Give y(0).
2
Let g(r) = -2*r**3 + 155*r**2 + 1087*r + 452. Determine g(84).
32
Let s(n) = 42*n**2 + 12*n + 88. Give s(-5).
1078
Let d(w) = 267943*w - 267944. Determine d(1).
-1
Let v(d) = -1325*d + 27. Give v(0).
27
Let i(j) = 3*j**2 - 288*j - 240199. Give i(335).
-4
Let b(m) = 450491*m + 3153431. Give b(-7).
-6
Let j(b) = -21*b**2 + 8452*b - 848223. Give j(191).
8
Let j(l) = l**2 - 1312*l - 3939. Give j(-3).
6
Let v(g) = 61*g**2 - 13054*g - 138. Calculate v(214).
-138
Let y(k) = -87*k**2 - 674*k + 28. Calculate y(-7).
483
Let r(g) = 33*g**3 - 2902*g**2 - 186*g + 882. Give r(88).
2
Let h(f) = -4236532*f - 4236539. Determine h(-1).
-7
Let f(t) = t**3 - 8*t**2 - 7*t - 109. What is f(10)?
21
Let m(v) = 15290*v - 137542. Calculate m(9).
68
Let l(p) = p**3 - 81*p**2 - 1098*p + 25915. Determine l(90).
-5
Let h(p) = 2667*p + 2022. Give h(-1).
-645
Let p(m) = 7*m**2 - 1975*m + 2254. Give p(281).
6
Let t(c) = -16*c**3 - 104*c**2 + 90*c + 247. Calculate t(-7).
9
Let l(y) = -10*y**3 - 25*y**2 + 12775*y + 12800. Calculate l(-1).
10
Let j(v) = 1406*v - 11347. What is j(8)?
-99
Let g(k) = k**2 - 98*k + 1500. Calculate g(71).
-417
Let u(l) = 28470*l + 7316797. Calculate u(-257).
7
Let i(j) = -44*j**3 + 1896*j**2 - 181*j - 257. Give i(43).
-644
Let h(o) = 63173*o + 2021523. What is h(-32)?
-13
Let r(i) = 1063*i**2 + 5846*i + 2. What is r(-6)?
3194
Let h(x) = -2*x**3 - 22*x**2 - 31*x - 245. Give h(-11).
96
Let i(a) = 15*a - 1726. What is i(126)?
164
Let k(a) = 6708*a - 100576. Give k(15).
44
Let k(x) = x**3 + 24*x**2 + 236*x + 4195. Give k(-16).
2467
Let z(s) = -2*s**2 + 77*s + 606. What is z(-9)?
-249
Let o(l) = -3*l**2 + 42555*l - 510199. Calculate o(12).
29
Let s(c) = c**2 + 63*c + 204. What is s(-11)?
-368
Let k(p) = -12204*p + 14095. Calculate k(1).
1891
Let q(d) = 701*d + 7654. What is q(-12)?
-758
Let w(j) = 2064*j + 12757. Give w(-7).
-1691
Let h(a) = -2105*a + 1231443. Calculate h(585).
18
Let h(d) = 523*d**2 + 5242*d - 23. What is h(-10)?
-143
Let d(p) = 32731*p + 98207. Give d(-3).
14
Let c(m) = -876*m + 908. What is c(-2)?
2660
Let i(u) = u**3 + 419*u**2 + 1650*u - 173966. Calculate i(-414).
-86
Let y(f) = -f**3 + 7*f**2 - 248*f + 2199. Calculate y(8).
151
Let r(l) = -105*l**2 - 2068*l + 45. Determine r(-20).
-595
Let t(d) = 3*d**3 - 306*d**2 + 301*d - 332. Give t(101).
-534
Let m(g) = -280*g**2 - 5612*g - 234. What is m(-20)?
6
Let p(v) = -4*v**3 - 33*v**2 + 266*v - 510. Calculate p(5).
-505
Let j(d) = -d**3 + 218*d**2 + 1555*d - 384499. Give j(217).
25
Let t(m) = -6*m**3 - 121*m**2 - 7*m + 43. Calculate t(-20).
-217
Let h(q) = q**3 + 65*q**2 + 35*q - 1308. Calculate h(-64).
548
Let z(g) = 934*g - 1753. Calculate z(2).
115
Let l(x) = -2*x**2 + 526*x - 28855. Determine l(185).
5
Let m(w) = -w**2 + 1022*w + 49078. Give m(-45).
1063
Let r(o) = -1185*o + 90486. Give r(76).
426
Let m(b) = b**3 - 967*b**2 + 3876*b - 23102. Give m(963).
10
Let w(u) = 114974*u - 4369045. Calculate w(38).
-33
Let y(o) = 6*o**3 + 70*o**2 + 258*o + 76. Determine y(-5).
-214
Let u(n) = 2*n**2 - 337941*n + 7771591. Give u(23).
6
Let l(d) = 4511*d + 478282. Calculate l(-106).
116
Let a(f) = f**2 + 31206*f + 280781. What is a(-9)?
8
Let j(s) = -2*s**3 - 223*s**2 - 2114*s + 3267. Calculate j(-12).
-21
Let t(o) = -11*o**2 + 7367*o - 7358. What is t(1)?
-2
Let z(y) = -2003*y + 192391. Give z(96).
103
Let k(j) = 9*j + 2987. What is k(36)?
3311
Let m(d) = 7*d**2 + 790*d - 5504. Determine m(7).
369
Let q(u) = 3078*u - 18482. Determine q(6).
-14
Let c(j) = 81*j**2 - 378*j - 2. Give c(4).
-218
Let n(c) = c**3 - 42*c**2 + 39*c + 1143. Determine n(41).
1061
Let i(o) = -6791*o - 74656. What is i(-11)?
45
Let z(u) = 218*u + 17001. Calculate z(-78).
-3
Let y(i) = -i**3 - 4*i**2 + 530*i - 58. What is y(-25)?
-183
Let q(h) = 4*h**2 - 506*h + 12343. Calculate q(37).
-903
Let u(a) = a**2 - 5688*a - 1677272. Determine u(-281).
17
Let n(o) = o**3 + 135*o**2 + 1563*o + 10774. Give n(-123).
73
Let w(f) = -488*f**2 - 71*f - 114. Determine w(0).
-114
Let h(o) = -o**3 + 98*o**2 - 2168*o - 420. Determine h(64).
92
Let b(s) = -4*s**2 + 69*s + 682. Give b(24).
34
Let l(h) = -19*h**2 + 569*h + 3881. What is l(-7)?
-1033
Let y(k) = k**2 + 1116*k - 70587. Give y(60).
-27
Let v(q) = q**3 + 132*q**2 - 154*q + 265. Give v(-133).
3058
Let j(r) = -4*r**2 + 10509*r + 147910. What is j(-14)?
0
Let g(q) = -10577*q - 11676995. Determine g(-1104).
13
Let q(d) = 8*d**3 + 1259*d**2 + 468*d - 478. Determine q(-157).
-7
Let i(p) = 18*p**2 - 2492*p + 2491. Give i(1).
17
Let i(l) = 25337*l + 177240. What is i(-7)?
-119
Let x(n) = 1933*n - 237733. Determine x(123).
26
Let u(j) = -7850*j + 980898. What is u(125)?
-352
Let p(y) = 451*y - 923. Calculate p(2).
-21
Let p(x) = 1046*x + 9319. What is p(-8)?
951
Let o(s) = -3061*s**2 - 55163*s - 1173. Calculate o(-18).
-3
Let z(w) = 2*w**3 + 116*w**2 + 742*w - 494. Determine z(-50).
2406
Let n(w) = -w**3 - 726*w**2 - 5021*w + 4. What is n(-7)?
-80
Let p(j) = j**3 - 16*j**2 + 3295*j - 56272. Calculate p(17).
32
Let y(i) = -9*i**2 - 4345*i + 49901. Give y(-494).
7
Let k(y) = -4563*y - 154922. Calculate k(-34).
220
Let d(b) = -2*b**2 + 60657*b + 728089. Calculate d(-12).
-83
Let n(k) = -k**3 - k**2 - 34*k - 734. Calculate n(-12).
1258
Let j(o) = -2*o**2 + 4749*o + 129690. What is j(-27)?
9
Let k(a) = -531*a - 79769. Determine k(-138).
-6491
Let j(l) = 3*l**2 + 287*l - 466. Give j(-96).
-370
Let p(a) = -2604*a + 1101477. Determine p(423).
-15
Let y(n) = n**3 + 222*n**2 - 8690*n - 475. Determine y(34).
1
Let g(j) = -5*j**3 + 11*j**2 - 44*j + 605. What is g(10)?
-3735
Let s(d) = -2*d**2 + 91*d + 35288. Determine s(-112).
8
Let j(y) = 2*y**3 + 41*y**2 + 93*y + 671. Determine j(-19).
-13
Let b(l) = -3401*l + 10861. Determine b(3).
658
Let a(h) = -10*h**2 + 1281*h - 91. Determine a(128).
37
Let s(d) = d**3 + 116*d**2 - 1962*d + 242. What is s(-131)?
-151
Let x(r) = 12186*r - 60967. Calculate x(5).
-37
Let j(g) = -g**2 + 4428*g - 347839. Calculate j(80).
1
Let w(f) = -6*f**2 + 80*f + 159. Give w(22).
-985
Let a(n) = n**2 + 481*n - 14919. What is a(29)?
-129
Let j(w) = 2*w**3 - 139*w**2 + 1337*w + 28. Give j(58).
202
Let m(j) = -2*j**3 - 8*j**2 - 66*j - 717. Give m(-10).
1143
Let o(t) = 2807*t + 607. Determine o(-1).
-2200
Let v(k) = k**2 - 2783*k + 20. What is v(0)?
20
Let b(d) = -2*d**3 + 502*d**2 - 9215*d - 495. Calculate b(20).
5
Let k(o) = 3*o**3 + 7*o**2 - 5*o - 16. Determine k(-5).
-191
Let s(v) = v**3 - 61*v**2 - 31*v - 12. What is s(62)?
1910
Let t(m) = m**3 - 34*m**2 + 133*m - 151. Give t(30).
239
Let h(j) = 4975*j + 89506. Determine h(-18).
-44
Let a(n) = -2511*n + 2481. What is a(1)?
-30
Let u(k) = -k**3 + 16*k**2 + 133*k + 982. Calculate u(-7).
1178
Let p(w) = -w**3 - 10*w**2 + 59*w + 136. Give p(-5).
-284
Let m(b) = 2*b**2 + 97*b + 283. Determine m(-44).
-113
Let x(c) = 37*c**2 + 325*c - 1328. Determine x(3).
-20
Let u(r) = -r**2 - 902302*r - 4511483. Calculate u(-5).
2
Let k(n) = n**3 + 170*n**2 - 3184*n + 88. Determine k(17).
3
Let g(t) = -3*t**2 + 197*t - 3045. Determine g(37).
137
Let m(y) = 139*y + 971. What is m(-9)?
-280
Let o(u) = -7025*u - 70188. Determine o(-10).
62
Let p(s) = 14*s**2 - 8935*s + 10803. Calculate p(637).
-26
Let u(q) = 30*q**2 - 195*q - 1457. What is u(11)?
28
Let y(u) = -u**3 - u**2 + 162*u + 319. Determine y(13).
59
Let d(r) = r**3 + 8*r**2 + 5*r + 38. What is d(-9)?
-88
Let z(v) = -v**3 + 13*v**2 + 5*v + 647. Give z(16).
-41
Let m(l) = -l**3 + 31*l**2 - 233*l + 331. Give m(20).
71
Let a(x) = -3*x**3 - 40*x**2 - 158*x - 151. Give a(-7).
24
Let p(i) = i**2 - 1850*i + 51024. Determine p(28).
8
Let t(a) = -a**3 + 34*a**2 - 120*a + 911. Calculate t(31).
74
Let v(j) = -2*j**3 + 63*j**2 - 430*j - 109. Calculate v(22).
-373
Let y(r) = r**3 + 25*r**2 + 24*r + 32. Calculate y(-23).
538
Let l(v) = -2*v**2 - 1059*v - 7308. 